{"id":10149,"date":"2025-10-09T12:16:40","date_gmt":"2025-10-09T10:16:40","guid":{"rendered":"https:\/\/www.frise.de\/wp-content\/uploads\/2025\/10\/2-edges-opening.jpg"},"modified":"2025-10-09T12:17:33","modified_gmt":"2025-10-09T10:17:33","slug":"2-edges-opening-2","status":"inherit","type":"attachment","link":"https:\/\/www.frise.de\/en\/2-edges-opening-2\/","title":{"rendered":"2-edges-opening"},"author":4,"comment_status":"open","ping_status":"closed","template":"","meta":[],"acf":[],"aioseo_notices":[],"description":{"rendered":"<p class=\"attachment\"><a href='https:\/\/www.frise.de\/wp-content\/uploads\/2025\/10\/2-edges-opening.jpg'><img width=\"300\" height=\"225\" src=\"https:\/\/www.frise.de\/wp-content\/uploads\/2025\/10\/2-edges-opening-720x540.jpg\" class=\"attachment-medium size-medium\" alt=\"Er\u00f6ffnung der Ausstellung im Frise-K\u00fcnstler.innenhaus mit vielen G\u00e4sten\" decoding=\"async\" srcset=\"https:\/\/www.frise.de\/wp-content\/uploads\/2025\/10\/2-edges-opening-720x540.jpg 720w, https:\/\/www.frise.de\/wp-content\/uploads\/2025\/10\/2-edges-opening-1200x900.jpg 1200w, https:\/\/www.frise.de\/wp-content\/uploads\/2025\/10\/2-edges-opening-768x576.jpg 768w, https:\/\/www.frise.de\/wp-content\/uploads\/2025\/10\/2-edges-opening-1440x1080.jpg 1440w, https:\/\/www.frise.de\/wp-content\/uploads\/2025\/10\/2-edges-opening-800x600.jpg 800w, https:\/\/www.frise.de\/wp-content\/uploads\/2025\/10\/2-edges-opening-400x300.jpg 400w, https:\/\/www.frise.de\/wp-content\/uploads\/2025\/10\/2-edges-opening.jpg 1500w\" sizes=\"(max-width: 300px) 100vw, 300px\" \/><\/a><\/p>\n"},"caption":{"rendered":""},"alt_text":"Er\u00f6ffnung der Ausstellung im Frise-K\u00fcnstler.innenhaus mit vielen G\u00e4sten","media_type":"image","mime_type":"image\/jpeg","media_details":{"width":1500,"height":1125,"file":"2025\/10\/2-edges-opening.jpg","filesize":129723,"sizes":{"medium":{"file":"2-edges-opening-720x540.jpg","width":720,"height":540,"filesize":69001,"mime_type":"image\/jpeg","source_url":"https:\/\/www.frise.de\/wp-content\/uploads\/2025\/10\/2-edges-opening-720x540.jpg"},"large":{"file":"2-edges-opening-1200x900.jpg","width":1200,"height":900,"filesize":151187,"mime_type":"image\/jpeg","source_url":"https:\/\/www.frise.de\/wp-content\/uploads\/2025\/10\/2-edges-opening-1200x900.jpg"},"thumbnail":{"file":"2-edges-opening-150x150.jpg","width":150,"height":150,"filesize":7892,"mime_type":"image\/jpeg","source_url":"https:\/\/www.frise.de\/wp-content\/uploads\/2025\/10\/2-edges-opening-150x150.jpg"},"medium_large":{"file":"2-edges-opening-768x576.jpg","width":768,"height":576,"filesize":75677,"mime_type":"image\/jpeg","source_url":"https:\/\/www.frise.de\/wp-content\/uploads\/2025\/10\/2-edges-opening-768x576.jpg"},"medium2x":{"file":"2-edges-opening-1440x1080.jpg","width":1440,"height":1080,"filesize":199439,"mime_type":"image\/jpeg","source_url":"https:\/\/www.frise.de\/wp-content\/uploads\/2025\/10\/2-edges-opening-1440x1080.jpg"},"mobile":{"file":"2-edges-opening-800x600.jpg","width":800,"height":600,"filesize":81222,"mime_type":"image\/jpeg","source_url":"https:\/\/www.frise.de\/wp-content\/uploads\/2025\/10\/2-edges-opening-800x600.jpg"},"tiny":{"file":"2-edges-opening-400x300.jpg","width":400,"height":300,"filesize":28033,"mime_type":"image\/jpeg","source_url":"https:\/\/www.frise.de\/wp-content\/uploads\/2025\/10\/2-edges-opening-400x300.jpg"},"mobile-cut":{"file":"2-edges-opening-800x600.jpg","width":800,"height":600,"filesize":81222,"mime_type":"image\/jpeg","source_url":"https:\/\/www.frise.de\/wp-content\/uploads\/2025\/10\/2-edges-opening-800x600.jpg"},"full":{"file":"2-edges-opening.jpg","width":1500,"height":1125,"mime_type":"image\/jpeg","source_url":"https:\/\/www.frise.de\/wp-content\/uploads\/2025\/10\/2-edges-opening.jpg"}},"image_meta":{"aperture":"0","credit":"","camera":"","caption":"","created_timestamp":"0","copyright":"","focal_length":"0","iso":"0","shutter_speed":"0","title":"","orientation":"0","keywords":[]}},"post":null,"source_url":"https:\/\/www.frise.de\/wp-content\/uploads\/2025\/10\/2-edges-opening.jpg","_links":{"self":[{"href":"https:\/\/www.frise.de\/en\/wp-json\/wp\/v2\/media\/10149"}],"collection":[{"href":"https:\/\/www.frise.de\/en\/wp-json\/wp\/v2\/media"}],"about":[{"href":"https:\/\/www.frise.de\/en\/wp-json\/wp\/v2\/types\/attachment"}],"author":[{"embeddable":true,"href":"https:\/\/www.frise.de\/en\/wp-json\/wp\/v2\/users\/4"}],"replies":[{"embeddable":true,"href":"https:\/\/www.frise.de\/en\/wp-json\/wp\/v2\/comments?post=10149"}]}}

<p class="attachment"><a href='https://www.frise.de/wp-content/uploads/2025/10/2-edges-opening.jpg'><img width="300" height="225" src="https://www.frise.de/wp-content/uploads/2025/10/2-edges-opening-720x540.jpg" class="attachment-medium size-medium" alt="Eröffnung der Ausstellung im Frise-Künstler.innenhaus mit vielen Gästen" decoding="async" srcset="https://www.frise.de/wp-content/uploads/2025/10/2-edges-opening-720x540.jpg 720w, https://www.frise.de/wp-content/uploads/2025/10/2-edges-opening-1200x900.jpg 1200w, https://www.frise.de/wp-content/uploads/2025/10/2-edges-opening-768x576.jpg 768w, https://www.frise.de/wp-content/uploads/2025/10/2-edges-opening-1440x1080.jpg 1440w, https://www.frise.de/wp-content/uploads/2025/10/2-edges-opening-800x600.jpg 800w, https://www.frise.de/wp-content/uploads/2025/10/2-edges-opening-400x300.jpg 400w, https://www.frise.de/wp-content/uploads/2025/10/2-edges-opening.jpg 1500w" sizes="(max-width: 300px) 100vw, 300px" /></a></p>

Eröffnung der Ausstellung im Frise-Künstler.innenhaus mit vielen Gästen
