{"id":8531,"date":"2024-07-15T13:47:01","date_gmt":"2024-07-15T11:47:01","guid":{"rendered":"https:\/\/www.frise.de\/wp-content\/uploads\/2024\/07\/Bild_Website_Kita.jpg"},"modified":"2024-11-27T12:37:59","modified_gmt":"2024-11-27T11:37:59","slug":"bild_website_kita-2","status":"inherit","type":"attachment","link":"https:\/\/www.frise.de\/en\/beispiel-seite\/bild_website_kita-2\/","title":{"rendered":"Bild_Website_Kita"},"author":4,"comment_status":"open","ping_status":"closed","template":"","meta":[],"acf":[],"aioseo_notices":[],"description":{"rendered":"<p class=\"attachment\"><a href='https:\/\/www.frise.de\/wp-content\/uploads\/2024\/07\/Bild_Website_Kita.jpg'><img width=\"300\" height=\"225\" src=\"https:\/\/www.frise.de\/wp-content\/uploads\/2024\/07\/Bild_Website_Kita-720x540.jpg\" class=\"attachment-medium size-medium\" alt=\"Ausstellung in der Frise mit Lori Agrawal, Zo\u00e9 Hein, Henry &amp; Hannes Heinrich, Ben H\u00f6ppner, Jonas M\u00f6hle, Sophia R\u00f6ttger, Timo Schmikale, Fritzi Sch\u00fctte, Pina Tempel, Emilie &amp; Marlon Schwenn, Ole Wulff und weiteren Kindern der Elementargruppen der Kita Arche Noah Finkenwerder\" decoding=\"async\" srcset=\"https:\/\/www.frise.de\/wp-content\/uploads\/2024\/07\/Bild_Website_Kita-720x540.jpg 720w, https:\/\/www.frise.de\/wp-content\/uploads\/2024\/07\/Bild_Website_Kita-1200x900.jpg 1200w, https:\/\/www.frise.de\/wp-content\/uploads\/2024\/07\/Bild_Website_Kita-768x576.jpg 768w, https:\/\/www.frise.de\/wp-content\/uploads\/2024\/07\/Bild_Website_Kita-1536x1152.jpg 1536w, https:\/\/www.frise.de\/wp-content\/uploads\/2024\/07\/Bild_Website_Kita-1600x1200.jpg 1600w, https:\/\/www.frise.de\/wp-content\/uploads\/2024\/07\/Bild_Website_Kita-1440x1080.jpg 1440w, https:\/\/www.frise.de\/wp-content\/uploads\/2024\/07\/Bild_Website_Kita-800x600.jpg 800w, https:\/\/www.frise.de\/wp-content\/uploads\/2024\/07\/Bild_Website_Kita-400x300.jpg 400w, https:\/\/www.frise.de\/wp-content\/uploads\/2024\/07\/Bild_Website_Kita.jpg 2000w\" sizes=\"(max-width: 300px) 100vw, 300px\" \/><\/a><\/p>\n"},"caption":{"rendered":""},"alt_text":"Ausstellung in der Frise mit Lori Agrawal, Zo\u00e9 Hein, Henry & Hannes Heinrich, Ben H\u00f6ppner, Jonas M\u00f6hle, Sophia R\u00f6ttger, Timo Schmikale, Fritzi Sch\u00fctte, Pina Tempel, Emilie & Marlon Schwenn, Ole Wulff und weiteren Kindern der Elementargruppen der Kita Arche Noah Finkenwerder\n\n","media_type":"image","mime_type":"image\/jpeg","media_details":{"width":2000,"height":1500,"file":"2024\/07\/Bild_Website_Kita.jpg","filesize":2572258,"sizes":{"medium":{"file":"Bild_Website_Kita-720x540.jpg","width":720,"height":540,"filesize":125446,"mime_type":"image\/jpeg","source_url":"https:\/\/www.frise.de\/wp-content\/uploads\/2024\/07\/Bild_Website_Kita-720x540.jpg"},"large":{"file":"Bild_Website_Kita-1200x900.jpg","width":1200,"height":900,"filesize":333908,"mime_type":"image\/jpeg","source_url":"https:\/\/www.frise.de\/wp-content\/uploads\/2024\/07\/Bild_Website_Kita-1200x900.jpg"},"thumbnail":{"file":"Bild_Website_Kita-150x150.jpg","width":150,"height":150,"filesize":19992,"mime_type":"image\/jpeg","source_url":"https:\/\/www.frise.de\/wp-content\/uploads\/2024\/07\/Bild_Website_Kita-150x150.jpg"},"medium_large":{"file":"Bild_Website_Kita-768x576.jpg","width":768,"height":576,"filesize":141316,"mime_type":"image\/jpeg","source_url":"https:\/\/www.frise.de\/wp-content\/uploads\/2024\/07\/Bild_Website_Kita-768x576.jpg"},"1536x1536":{"file":"Bild_Website_Kita-1536x1152.jpg","width":1536,"height":1152,"filesize":516703,"mime_type":"image\/jpeg","source_url":"https:\/\/www.frise.de\/wp-content\/uploads\/2024\/07\/Bild_Website_Kita-1536x1152.jpg"},"masthead":{"file":"Bild_Website_Kita-1600x1200.jpg","width":1600,"height":1200,"filesize":552375,"mime_type":"image\/jpeg","source_url":"https:\/\/www.frise.de\/wp-content\/uploads\/2024\/07\/Bild_Website_Kita-1600x1200.jpg"},"medium2x":{"file":"Bild_Website_Kita-1440x1080.jpg","width":1440,"height":1080,"filesize":461025,"mime_type":"image\/jpeg","source_url":"https:\/\/www.frise.de\/wp-content\/uploads\/2024\/07\/Bild_Website_Kita-1440x1080.jpg"},"mobile":{"file":"Bild_Website_Kita-800x600.jpg","width":800,"height":600,"filesize":152320,"mime_type":"image\/jpeg","source_url":"https:\/\/www.frise.de\/wp-content\/uploads\/2024\/07\/Bild_Website_Kita-800x600.jpg"},"tiny":{"file":"Bild_Website_Kita-400x300.jpg","width":400,"height":300,"filesize":45656,"mime_type":"image\/jpeg","source_url":"https:\/\/www.frise.de\/wp-content\/uploads\/2024\/07\/Bild_Website_Kita-400x300.jpg"},"mobile-cut":{"file":"Bild_Website_Kita-800x600.jpg","width":800,"height":600,"filesize":152320,"mime_type":"image\/jpeg","source_url":"https:\/\/www.frise.de\/wp-content\/uploads\/2024\/07\/Bild_Website_Kita-800x600.jpg"},"full":{"file":"Bild_Website_Kita.jpg","width":2000,"height":1500,"mime_type":"image\/jpeg","source_url":"https:\/\/www.frise.de\/wp-content\/uploads\/2024\/07\/Bild_Website_Kita.jpg"}},"image_meta":{"aperture":"1.8","credit":"","camera":"iPad Pro (12.9-inch) (2nd generation)","caption":"","created_timestamp":"1721035520","copyright":"","focal_length":"3.99","iso":"80","shutter_speed":"0.058823529411765","title":"","orientation":"1","keywords":[]}},"post":176,"source_url":"https:\/\/www.frise.de\/wp-content\/uploads\/2024\/07\/Bild_Website_Kita.jpg","_links":{"self":[{"href":"https:\/\/www.frise.de\/en\/wp-json\/wp\/v2\/media\/8531"}],"collection":[{"href":"https:\/\/www.frise.de\/en\/wp-json\/wp\/v2\/media"}],"about":[{"href":"https:\/\/www.frise.de\/en\/wp-json\/wp\/v2\/types\/attachment"}],"author":[{"embeddable":true,"href":"https:\/\/www.frise.de\/en\/wp-json\/wp\/v2\/users\/4"}],"replies":[{"embeddable":true,"href":"https:\/\/www.frise.de\/en\/wp-json\/wp\/v2\/comments?post=8531"}]}}

<p class="attachment"><a href='https://www.frise.de/wp-content/uploads/2024/07/Bild_Website_Kita.jpg'><img width="300" height="225" src="https://www.frise.de/wp-content/uploads/2024/07/Bild_Website_Kita-720x540.jpg" class="attachment-medium size-medium" alt="Ausstellung in der Frise mit Lori Agrawal, Zoé Hein, Henry &amp; Hannes Heinrich, Ben Höppner, Jonas Möhle, Sophia Röttger, Timo Schmikale, Fritzi Schütte, Pina Tempel, Emilie &amp; Marlon Schwenn, Ole Wulff und weiteren Kindern der Elementargruppen der Kita Arche Noah Finkenwerder" decoding="async" srcset="https://www.frise.de/wp-content/uploads/2024/07/Bild_Website_Kita-720x540.jpg 720w, https://www.frise.de/wp-content/uploads/2024/07/Bild_Website_Kita-1200x900.jpg 1200w, https://www.frise.de/wp-content/uploads/2024/07/Bild_Website_Kita-768x576.jpg 768w, https://www.frise.de/wp-content/uploads/2024/07/Bild_Website_Kita-1536x1152.jpg 1536w, https://www.frise.de/wp-content/uploads/2024/07/Bild_Website_Kita-1600x1200.jpg 1600w, https://www.frise.de/wp-content/uploads/2024/07/Bild_Website_Kita-1440x1080.jpg 1440w, https://www.frise.de/wp-content/uploads/2024/07/Bild_Website_Kita-800x600.jpg 800w, https://www.frise.de/wp-content/uploads/2024/07/Bild_Website_Kita-400x300.jpg 400w, https://www.frise.de/wp-content/uploads/2024/07/Bild_Website_Kita.jpg 2000w" sizes="(max-width: 300px) 100vw, 300px" /></a></p>

Ausstellung in der Frise mit Lori Agrawal, Zoé Hein, Henry & Hannes Heinrich, Ben Höppner, Jonas Möhle, Sophia Röttger, Timo Schmikale, Fritzi Schütte, Pina Tempel, Emilie & Marlon Schwenn, Ole Wulff und weiteren Kindern der Elementargruppen der Kita Arche Noah Finkenwerder
